0)/(-8). Let a = w + -15. List the prime factors of a.
19
Let p(o) = o**3 - 7*o**2 - 7*o - 9. What are the prime factors of p(9)?
2, 3, 5
Let o = 11 + 32. Suppose 4*u - q = 107, 2*u + 3*q = -0 + o. Suppose u = 5*w - 34. List the prime factors of w.
2, 3
Suppose 2*s = 5*n + 2, 2*s + 0*n + n = 2. Let b be 5/((-2)/((-2)/s)). Suppose -13 = -t - f, -2*f - 49 = -b*t - 3*f. List the prime factors of t.
3
Let c(m) = -m + m**3 - 7*m**2 + 2 + 6 - 7*m. Let f be (-2)/4*(3 + -19). List the prime factors of c(f).
2
Let l be (-2)/(-6)*0 - -1. Let t be (-4 - -8)/(0 - l). What are the prime factors of ((-10)/t)/((-2)/(-4))?
5
Let f = 271 - 88. List the prime factors of f.
3, 61
Suppose -46 + 14 = 4*s. Let p = -13 - -7. Let b = p - s. List the prime factors of b.
2
Suppose -23 - 265 = -4*a. List the prime factors of a.
2, 3
List the prime factors of (0 + 2)*(-90)/(-4).
3, 5
Suppose -4*d - 281 = z - 6*z, 3*d = -2*z + 94. Let u = -17 + z. What are the prime factors of u?
2, 3
Suppose -118 + 47 = -5*k + t, -3*t = -3*k + 33. What are the prime factors of k?
3, 5
Let w = -26 - -82. What are the prime factors of w?
2, 7
Let b(z) = z**2 - 6*z - 2. What are the prime factors of b(10)?
2, 19
Let d(r) = -2*r**3 - r - 1. Let y(m) = -m + 1. Let s be y(2). List the prime factors of d(s).
2
Let r(k) = -k**3 - 7*k**2 + 4. Let z be r(-7). Suppose z*x + 130 = 2. Let m = -18 - x. What are the prime factors of m?
2, 7
Let k = -4 - 14. Let z = k - -11. Let i = z + 12. What are the prime factors of i?
5
Let f be (3 + -2)/1 + 2. Suppose -z + 9 = 4*g - 111, 2*z - 90 = -f*g. What are the prime factors of g?
2, 3, 5
Let y be (-4)/6*(-3 + -3). Suppose y*i = -16, 2*o - o + i - 37 = 0. What are the prime factors of o?
41
Let f(m) = -m**2 - 3*m + 4. Let v be f(-4). Suppose -2*p + 11 = s, -3*s - 4*p + v*p + 25 = 0. What are the prime factors of s?
3
Suppose -k + 2*k + 6 = -3*g, k - 9 = 2*g. Suppose -8*u + k*u + 40 = 0. Suppose -u = -i + 3. What are the prime factors of i?
11
Let u(y) = -2*y - 2. Let c be u(-3). Let x = c - 6. What are the prime factors of 3 + x - -6 - 1?
2, 3
Let n be 6/(-15) + 27/5. Let x be 62/n + (-8)/20. Let c = -3 + x. List the prime factors of c.
3
Let n = -2 + 6. Suppose n = 4*c, -6*j - 5*c = -3*j - 26. What are the prime factors of (1 - j)*(-2)/4?
3
List the prime factors of -5 + 33 + (-3)/((-6)/8).
2
Let w = -8 - -6. Let r = w + 4. What are the prime factors of r?
2
Let x = 121 + -62. Let p = 92 - x. Suppose -5*m + 2*s + 56 = 0, 0*m + p = 3*m - s. List the prime factors of m.
2, 5
List the prime factors of 3*-14*(-4 - -3).
2, 3, 7
Let i be (-13)/(-2) + 6/(-4). Suppose 13 = -5*w + 6*w + i*k, -4*k + 20 = 2*w. List the prime factors of w.
2
Let k = 19 - 16. List the prime factors of k.
3
Suppose -5*m + 305 = -0*m. Suppose 0 = -5*c + 20, -4*y + m = -2*c + 17. What are the prime factors of y?
13
Let j(p) = -22*p + 4. What are the prime factors of j(-6)?
2, 17
Let r(t) = -2*t**2 - t - 1. Let l be r(-2). Let g be l/(-3) + (-3)/9. List the prime factors of g/(-9) + 20/9.
2
Let f = 313 + -142. List the prime factors of f.
3, 19
Suppose -6*d = -d - 35. Let i(o) be the second derivative of -o**4/12 + 5*o**3/3 - 5*o**2/2 + 7*o. What are the prime factors of i(d)?
2
Let o(m) = m**2 + 7*m + 3. Let p be (-4)/12 + 20/(-3). Let h be o(p). Suppose -h*g + 14 = -g. What are the prime factors of g?
7
Suppose 0 = 2*s - 8 - 2. Suppose 2*i = -l + 4*l - 21, l + 10 = -s*i. List the prime factors of 8 + i - 6/2.
2
Suppose -a + 80 = -3*m, -141 = -4*a - 5*m + 111. Let x be a/12 - (-4)/(-6). Suppose -35 = -4*q - q + x*h, -5*q + 53 = h. What are the prime factors of q?
2, 5
Let q be (2/(-5))/((-1)/(-5)). Let a = q - -7. Let z(r) = 3*r - 4. What are the prime factors of z(a)?
11
Let o = 15 + -12. Suppose 2*t + o*c = 49, -5*t + 2*c - 34 = -147. List the prime factors of t.
23
Suppose 0 = 3*h - 2 - 115. Let q = h - 24. Suppose 45 = 3*a + 5*g, a + 4*g - q = 2*g. What are the prime factors of a?
3, 5
What are the prime factors of 10/(-30) + 38/6?
2, 3
Let o(b) be the first derivative of -b**4/4 - 5*b**3/3 - b**2 - 4*b - 1. What are the prime factors of o(-5)?
2, 3
Let n = 6 + -3. Let o(h) = -h**3 - 8*h**2 - 2*h - 12. Let a be o(-8). Suppose 0*y - n*y + r = -13, -a*r + 16 = 5*y. What are the prime factors of y?
2
List the prime factors of (-555)/(-20) + (-2)/(-8).
2, 7
Let c(n) = n**3 - 4*n**2 + 3. Let z be c(4). Suppose -7 - 41 = -z*d. List the prime factors of d.
2
List the prime factors of (-2)/4*(-3 - 773).
2, 97
Let t = 1 + 3. Suppose 0 = -t*y + 31 + 33. List the prime factors of y.
2
Let t be -6 - 4/(2 - 4). List the prime factors of t/(-6) - 112/(-12).
2, 5
List the prime factors of (2 + 27)/(7/21).
3, 29
Let u(n) = 2*n - 9. Let d be u(5). Suppose -5*g + 0*j - j + 160 = 0, 4*g - 4*j - 152 = 0. Suppose 2*z + d = g. List the prime factors of z.
2
Let c(w) = w**3 - 3*w**2 - w + 1. Let y be c(4). Let v(z) = z**2 - 7*z - 2. Let h be v(7). List the prime factors of 0/h + -1 + y.
2, 3
Let s = 14 - -76. List the prime factors of s.
2, 3, 5
Suppose -48 = -5*g - g. List the prime factors of 3 + g*3 + -2.
5
Suppose 3*r + 4 = -r + 4*t, -4 = 4*r + 4*t. Let v be ((-4 + 2)*r)/2. List the prime factors of (v/(-2))/((-4)/48).
2, 3
Suppose -3*u = u + 4*g + 48, -2*u - 14 = 4*g. Let a = -10 - u. List the prime factors of a.
7
Suppose 4*c - 171 - 245 = 0. What are the prime factors of c?
2, 13
Suppose -17 = -p - 6*i + i, -4*p - i + 11 = 0. Suppose 0 = 5*m + o - 90, 4*o - 8 = p*m - 22. Let u = 25 - m. List the prime factors of u.
2
Let p be 0 + 1*(3 - 5). What are the prime factors of 3 + (-20)/p + -2?
11
Let b(z) = z**2 - 5*z + 27. What are the prime factors of b(-10)?
3, 59
Let z(s) = 4*s + 2. Let n(h) = -h**2 + 9*h + 7. Let t be n(10). Let f be 1/(t/(3 - 12)). List the prime factors of z(f).
2, 7
Let z(i) = i**3 - i**2 + 19. What are the prime factors of z(0)?
19
Let x(n) = 7*n**2 + n - 3. What are the prime factors of x(2)?
3
Let p = -8 - -12. Suppose -p*c + 1 = -7. List the prime factors of c.
2
Suppose 0 = -4*x - 4*j - 32, -2*x - x = 4*j + 25. Let u = x - -11. Let k = u - -9. List the prime factors of k.
13
Suppose -338 + 82 = -3*n + 5*y, 0 = -4*n + 2*y + 318. List the prime factors of n.
7, 11
Suppose -w + 222 = 4*o + w, -5*o + 5*w = -315. What are the prime factors of o?
2, 29
Let h = 193 - -171. What are the prime factors of h?
2, 7, 13
Let y(i) = -7*i**3 + 8*i**2 + 2*i - 5. Let o(r) = 2*r**3 - 3*r**2 - r + 2. Let g(q) = -8*o(q) - 3*y(q). List the prime factors of g(2).
43
Let w be 1/((8/(-10))/(-4)). Let g be (1 - 21/15)*w. What are the prime factors of -30*(g + 16/10)?
2, 3
Suppose -4*l - 5*w = -706, -2*l + 5*l - 518 = 2*w. List the prime factors of l.
2, 3, 29
Suppose -9 = 3*t, 7*t = 3*w + 2*t - 363. List the prime factors of w.
2, 29
Let z(x) = x + 22. Let b(m) = 4*m + 11. Let i be b(-5). What are the prime factors of z(i)?
13
Let a(k) = -k**2 - 14*k - 17. Let p be a(-12). Suppose 0 = -p*s + 4*s + 54. What are the prime factors of s?
2, 3
Let y = -58 - -133. Suppose -2*p = -3*u - y, -3*p = 2*p + u - 145. List the prime factors of p.
2, 3, 5
Let s be (2/4)/((-5)/(-20)). List the prime factors of ((-9)/(-12) + s)*4.
11
Let p = 488 - 312. What are the prime factors of p?
2, 11
Let t be (-3)/((-1)/2*2). Let q(s) = s**3 - 4*s**2 + 3*s + 1. Let i be q(t). What are the prime factors of (2/(-4))/(i/(-24))?
2, 3
Let g be -1 + -3 - (-14 - -13). Let k = g - -25. List the prime factors of k.
2, 11
Suppose -57 = -5*z + 23. Let m(d) = -d**3 + 15*d**2 + d - 11. Let q be m(15). Suppose z = -q*h + 5*h. What are the prime factors of h?
2
Let z = -10 + 16. Suppose 6 = 2*s - z. List the prime factors of (-3 - -11)*s/4.
2, 3
Let k = 2 - 0. Suppose -n = -2*u - 11, -3*n + 32 = k*u - 7*u. Let w(q) = q**2 - 7*q - 11. What are the prime factors of w(n)?
7
Suppose 8*l - 7*l - 18 = 0. List the prime factors of l.
2, 3
Suppose 4*j = 2*w - 294, 2*w = w - 3*j + 132. Suppose -4*q - h = -w, -37 = -2*q + 2*h + 21. List the prime factors of q.
2, 17
List the prime factors of 3/((-75)/(-10)) + (-696)/(-10).
2, 5, 7
Suppose -4*w + 8 = -2*w. Let h(z) be the third derivative of z**4/6 - 2*z**3/3 + 6*z**2. List the prime factors of h(w).
2, 3
List the prime factors of 1/(4 + 334/(-84)).
2, 3, 7
List the prime factors of 948/18 - 4/6.
2, 